{"id":187,"date":"2021-05-22T15:17:51","date_gmt":"2021-05-22T20:17:51","guid":{"rendered":"https:\/\/hosanroque.gov.co\/v2\/?page_id=187"},"modified":"2025-06-03T17:38:34","modified_gmt":"2025-06-03T22:38:34","slug":"nuestra-junta-directiva","status":"publish","type":"page","link":"https:\/\/hosanroque.gov.co\/v2\/nuestra-junta-directiva\/","title":{"rendered":"Nuestra Junta Directiva"},"content":{"rendered":"\t\t<div data-elementor-type=\"wp-page\" data-elementor-id=\"187\" class=\"elementor elementor-187\" data-elementor-post-type=\"page\">\n\t\t\t\t\t\t<section class=\"elementor-section elementor-top-section elementor-element elementor-element-539694bf elementor-section-stretched elementor-section-height-min-height elementor-section-boxed elementor-section-height-default elementor-section-items-middle\" data-id=\"539694bf\" data-element_type=\"section\" data-settings=\"{&quot;stretch_section&quot;:&quot;section-stretched&quot;,&quot;background_background&quot;:&quot;classic&quot;}\">\n\t\t\t\t\t\t<div class=\"elementor-container elementor-column-gap-default\">\n\t\t\t\t\t<div class=\"elementor-column elementor-col-100 elementor-top-column elementor-element elementor-element-34ce5ed1\" data-id=\"34ce5ed1\" data-element_type=\"column\">\n\t\t\t<div class=\"elementor-widget-wrap elementor-element-populated\">\n\t\t\t\t\t\t<div class=\"elementor-element elementor-element-5a87e3cc elementor-invisible elementor-widget elementor-widget-heading\" data-id=\"5a87e3cc\" data-element_type=\"widget\" data-settings=\"{&quot;_animation&quot;:&quot;fadeInUp&quot;}\" data-widget_type=\"heading.default\">\n\t\t\t\t<div class=\"elementor-widget-container\">\n\t\t\t\t\t<h1 class=\"elementor-heading-title elementor-size-default\">Nuestra Junta Directiva<\/h1>\t\t\t\t<\/div>\n\t\t\t\t<\/div>\n\t\t\t\t\t<\/div>\n\t\t<\/div>\n\t\t\t\t\t<\/div>\n\t\t<\/section>\n\t\t\t\t<section class=\"elementor-section elementor-top-section elementor-element elementor-element-143663a0 elementor-section-boxed elementor-section-height-default elementor-section-height-default\" data-id=\"143663a0\" data-element_type=\"section\">\n\t\t\t\t\t\t<div class=\"elementor-container elementor-column-gap-default\">\n\t\t\t\t\t<div class=\"elementor-column elementor-col-33 elementor-top-column elementor-element elementor-element-5534a30a\" data-id=\"5534a30a\" data-element_type=\"column\">\n\t\t\t<div class=\"elementor-widget-wrap elementor-element-populated\">\n\t\t\t\t\t\t<section class=\"elementor-section elementor-inner-section elementor-element elementor-element-27f1456e elementor-section-boxed elementor-section-height-default elementor-section-height-default\" data-id=\"27f1456e\" data-element_type=\"section\">\n\t\t\t\t\t\t<div class=\"elementor-container elementor-column-gap-default\">\n\t\t\t\t\t<div class=\"elementor-column elementor-col-100 elementor-inner-column elementor-element elementor-element-cc4b866 elementor-invisible\" data-id=\"cc4b866\" data-element_type=\"column\" data-settings=\"{&quot;animation&quot;:&quot;fadeInUp&quot;}\">\n\t\t\t<div class=\"elementor-widget-wrap elementor-element-populated\">\n\t\t\t\t\t\t<div class=\"elementor-element elementor-element-365cb699 elementor-widget elementor-widget-image\" data-id=\"365cb699\" data-element_type=\"widget\" data-widget_type=\"image.default\">\n\t\t\t\t<div class=\"elementor-widget-container\">\n\t\t\t\t\t\t\t\t\t\t\t\t\t\t\t\t<a href=\"https:\/\/wp.envatoextensions.com\/collection-20\/preview\/doctor-details\/\">\n\t\t\t\t\t\t\t<img fetchpriority=\"high\" decoding=\"async\" width=\"800\" height=\"534\" src=\"https:\/\/hosanroque.gov.co\/v2\/wp-content\/uploads\/2021\/05\/placeholder-1024x683.png\" class=\"attachment-large size-large wp-image-168\" alt=\"\" srcset=\"https:\/\/hosanroque.gov.co\/v2\/wp-content\/uploads\/2021\/05\/placeholder-1024x683.png 1024w, https:\/\/hosanroque.gov.co\/v2\/wp-content\/uploads\/2021\/05\/placeholder-300x200.png 300w, https:\/\/hosanroque.gov.co\/v2\/wp-content\/uploads\/2021\/05\/placeholder-768x512.png 768w, https:\/\/hosanroque.gov.co\/v2\/wp-content\/uploads\/2021\/05\/placeholder.png 1200w\" sizes=\"(max-width: 800px) 100vw, 800px\" \/>\t\t\t\t\t\t\t\t<\/a>\n\t\t\t\t\t\t\t\t\t\t\t\t\t\t\t<\/div>\n\t\t\t\t<\/div>\n\t\t\t\t<div class=\"elementor-element elementor-element-1287b1c2 elementor-widget elementor-widget-heading\" data-id=\"1287b1c2\" data-element_type=\"widget\" data-widget_type=\"heading.default\">\n\t\t\t\t<div class=\"elementor-widget-container\">\n\t\t\t\t\t<h2 class=\"elementor-heading-title elementor-size-default\"><a href=\"https:\/\/wp.envatoextensions.com\/collection-20\/preview\/doctor-details\/\">Assad Raish Gamez<br><span style=\"font-size:12px;text-transform:uppercase\">Presidente junta directiva<\/span><\/a><\/h2>\t\t\t\t<\/div>\n\t\t\t\t<\/div>\n\t\t\t\t\t<\/div>\n\t\t<\/div>\n\t\t\t\t\t<\/div>\n\t\t<\/section>\n\t\t\t\t\t<\/div>\n\t\t<\/div>\n\t\t\t\t<div class=\"elementor-column elementor-col-33 elementor-top-column elementor-element elementor-element-7a988bb6\" data-id=\"7a988bb6\" data-element_type=\"column\">\n\t\t\t<div class=\"elementor-widget-wrap elementor-element-populated\">\n\t\t\t\t\t\t<section class=\"elementor-section elementor-inner-section elementor-element elementor-element-12e09009 elementor-section-boxed elementor-section-height-default elementor-section-height-default\" data-id=\"12e09009\" data-element_type=\"section\">\n\t\t\t\t\t\t<div class=\"elementor-container elementor-column-gap-default\">\n\t\t\t\t\t<div class=\"elementor-column elementor-col-100 elementor-inner-column elementor-element elementor-element-73e19326 elementor-invisible\" data-id=\"73e19326\" data-element_type=\"column\" data-settings=\"{&quot;animation&quot;:&quot;fadeInUp&quot;,&quot;animation_delay&quot;:100}\">\n\t\t\t<div class=\"elementor-widget-wrap elementor-element-populated\">\n\t\t\t\t\t\t<div class=\"elementor-element elementor-element-52655534 elementor-widget elementor-widget-image\" data-id=\"52655534\" data-element_type=\"widget\" data-widget_type=\"image.default\">\n\t\t\t\t<div class=\"elementor-widget-container\">\n\t\t\t\t\t\t\t\t\t\t\t\t\t\t\t\t<a href=\"https:\/\/wp.envatoextensions.com\/collection-20\/preview\/doctor-details\/\">\n\t\t\t\t\t\t\t<img fetchpriority=\"high\" decoding=\"async\" width=\"800\" height=\"534\" src=\"https:\/\/hosanroque.gov.co\/v2\/wp-content\/uploads\/2021\/05\/placeholder-1024x683.png\" class=\"attachment-large size-large wp-image-168\" alt=\"\" srcset=\"https:\/\/hosanroque.gov.co\/v2\/wp-content\/uploads\/2021\/05\/placeholder-1024x683.png 1024w, https:\/\/hosanroque.gov.co\/v2\/wp-content\/uploads\/2021\/05\/placeholder-300x200.png 300w, https:\/\/hosanroque.gov.co\/v2\/wp-content\/uploads\/2021\/05\/placeholder-768x512.png 768w, https:\/\/hosanroque.gov.co\/v2\/wp-content\/uploads\/2021\/05\/placeholder.png 1200w\" sizes=\"(max-width: 800px) 100vw, 800px\" \/>\t\t\t\t\t\t\t\t<\/a>\n\t\t\t\t\t\t\t\t\t\t\t\t\t\t\t<\/div>\n\t\t\t\t<\/div>\n\t\t\t\t<div class=\"elementor-element elementor-element-1ede90af elementor-widget elementor-widget-heading\" data-id=\"1ede90af\" data-element_type=\"widget\" data-widget_type=\"heading.default\">\n\t\t\t\t<div class=\"elementor-widget-container\">\n\t\t\t\t\t<h2 class=\"elementor-heading-title elementor-size-default\"><a href=\"https:\/\/wp.envatoextensions.com\/collection-20\/preview\/doctor-details\/\">Linda Sierra Rangel<br><span style=\"font-size:12px;text-transform:uppercase\">Secretario de salud municipal<\/span><\/a><\/h2>\t\t\t\t<\/div>\n\t\t\t\t<\/div>\n\t\t\t\t\t<\/div>\n\t\t<\/div>\n\t\t\t\t\t<\/div>\n\t\t<\/section>\n\t\t\t\t\t<\/div>\n\t\t<\/div>\n\t\t\t\t<div class=\"elementor-column elementor-col-33 elementor-top-column elementor-element elementor-element-3c2e05ad\" data-id=\"3c2e05ad\" data-element_type=\"column\">\n\t\t\t<div class=\"elementor-widget-wrap elementor-element-populated\">\n\t\t\t\t\t\t<section class=\"elementor-section elementor-inner-section elementor-element elementor-element-7266890b elementor-section-boxed elementor-section-height-default elementor-section-height-default\" data-id=\"7266890b\" data-element_type=\"section\">\n\t\t\t\t\t\t<div class=\"elementor-container elementor-column-gap-default\">\n\t\t\t\t\t<div class=\"elementor-column elementor-col-100 elementor-inner-column elementor-element elementor-element-5f43bd8 elementor-invisible\" data-id=\"5f43bd8\" data-element_type=\"column\" data-settings=\"{&quot;animation&quot;:&quot;fadeInUp&quot;,&quot;animation_delay&quot;:200}\">\n\t\t\t<div class=\"elementor-widget-wrap elementor-element-populated\">\n\t\t\t\t\t\t<div class=\"elementor-element elementor-element-641b7eec elementor-widget elementor-widget-image\" data-id=\"641b7eec\" data-element_type=\"widget\" data-widget_type=\"image.default\">\n\t\t\t\t<div class=\"elementor-widget-container\">\n\t\t\t\t\t\t\t\t\t\t\t\t\t\t\t\t<a href=\"https:\/\/wp.envatoextensions.com\/collection-20\/preview\/doctor-details\/\">\n\t\t\t\t\t\t\t<img fetchpriority=\"high\" decoding=\"async\" width=\"800\" height=\"534\" src=\"https:\/\/hosanroque.gov.co\/v2\/wp-content\/uploads\/2021\/05\/placeholder-1024x683.png\" class=\"attachment-large size-large wp-image-168\" alt=\"\" srcset=\"https:\/\/hosanroque.gov.co\/v2\/wp-content\/uploads\/2021\/05\/placeholder-1024x683.png 1024w, https:\/\/hosanroque.gov.co\/v2\/wp-content\/uploads\/2021\/05\/placeholder-300x200.png 300w, https:\/\/hosanroque.gov.co\/v2\/wp-content\/uploads\/2021\/05\/placeholder-768x512.png 768w, https:\/\/hosanroque.gov.co\/v2\/wp-content\/uploads\/2021\/05\/placeholder.png 1200w\" sizes=\"(max-width: 800px) 100vw, 800px\" \/>\t\t\t\t\t\t\t\t<\/a>\n\t\t\t\t\t\t\t\t\t\t\t\t\t\t\t<\/div>\n\t\t\t\t<\/div>\n\t\t\t\t<div class=\"elementor-element elementor-element-bfb17c elementor-widget elementor-widget-heading\" data-id=\"bfb17c\" data-element_type=\"widget\" data-widget_type=\"heading.default\">\n\t\t\t\t<div class=\"elementor-widget-container\">\n\t\t\t\t\t<h2 class=\"elementor-heading-title elementor-size-default\"><a href=\"https:\/\/wp.envatoextensions.com\/collection-20\/preview\/doctor-details\/\">Clelia Olivares<br><span style=\"font-size:12px;text-transform:uppercase\">Presidente de asociaci\u00f3n de usuarios<\/span><\/a><\/h2>\t\t\t\t<\/div>\n\t\t\t\t<\/div>\n\t\t\t\t\t<\/div>\n\t\t<\/div>\n\t\t\t\t\t<\/div>\n\t\t<\/section>\n\t\t\t\t\t<\/div>\n\t\t<\/div>\n\t\t\t\t\t<\/div>\n\t\t<\/section>\n\t\t\t\t<section class=\"elementor-section elementor-top-section elementor-element elementor-element-79c76d3 elementor-section-boxed elementor-section-height-default elementor-section-height-default\" data-id=\"79c76d3\" data-element_type=\"section\">\n\t\t\t\t\t\t<div class=\"elementor-container elementor-column-gap-default\">\n\t\t\t\t\t<div class=\"elementor-column elementor-col-33 elementor-top-column elementor-element elementor-element-724a3d6\" data-id=\"724a3d6\" data-element_type=\"column\">\n\t\t\t<div class=\"elementor-widget-wrap elementor-element-populated\">\n\t\t\t\t\t\t<section class=\"elementor-section elementor-inner-section elementor-element elementor-element-c6486b9 elementor-section-boxed elementor-section-height-default elementor-section-height-default\" data-id=\"c6486b9\" data-element_type=\"section\">\n\t\t\t\t\t\t<div class=\"elementor-container elementor-column-gap-default\">\n\t\t\t\t\t<div class=\"elementor-column elementor-col-100 elementor-inner-column elementor-element elementor-element-f08aea8 elementor-invisible\" data-id=\"f08aea8\" data-element_type=\"column\" data-settings=\"{&quot;animation&quot;:&quot;fadeInUp&quot;}\">\n\t\t\t<div class=\"elementor-widget-wrap elementor-element-populated\">\n\t\t\t\t\t\t<div class=\"elementor-element elementor-element-686bccb elementor-widget elementor-widget-image\" data-id=\"686bccb\" data-element_type=\"widget\" data-widget_type=\"image.default\">\n\t\t\t\t<div class=\"elementor-widget-container\">\n\t\t\t\t\t\t\t\t\t\t\t\t\t\t\t\t<a href=\"https:\/\/wp.envatoextensions.com\/collection-20\/preview\/doctor-details\/\">\n\t\t\t\t\t\t\t<img fetchpriority=\"high\" decoding=\"async\" width=\"800\" height=\"534\" src=\"https:\/\/hosanroque.gov.co\/v2\/wp-content\/uploads\/2021\/05\/placeholder-1024x683.png\" class=\"attachment-large size-large wp-image-168\" alt=\"\" srcset=\"https:\/\/hosanroque.gov.co\/v2\/wp-content\/uploads\/2021\/05\/placeholder-1024x683.png 1024w, https:\/\/hosanroque.gov.co\/v2\/wp-content\/uploads\/2021\/05\/placeholder-300x200.png 300w, https:\/\/hosanroque.gov.co\/v2\/wp-content\/uploads\/2021\/05\/placeholder-768x512.png 768w, https:\/\/hosanroque.gov.co\/v2\/wp-content\/uploads\/2021\/05\/placeholder.png 1200w\" sizes=\"(max-width: 800px) 100vw, 800px\" \/>\t\t\t\t\t\t\t\t<\/a>\n\t\t\t\t\t\t\t\t\t\t\t\t\t\t\t<\/div>\n\t\t\t\t<\/div>\n\t\t\t\t<div class=\"elementor-element elementor-element-f910b4c elementor-widget elementor-widget-heading\" data-id=\"f910b4c\" data-element_type=\"widget\" data-widget_type=\"heading.default\">\n\t\t\t\t<div class=\"elementor-widget-container\">\n\t\t\t\t\t<h2 class=\"elementor-heading-title elementor-size-default\"><a href=\"https:\/\/wp.envatoextensions.com\/collection-20\/preview\/doctor-details\/\">Fabi\u00e1n Eljaiek Fern\u00e1ndez<br><span style=\"font-size:12px;text-transform:uppercase\">Representante Empleados HSR (Salud)<\/span><\/a><\/h2>\t\t\t\t<\/div>\n\t\t\t\t<\/div>\n\t\t\t\t\t<\/div>\n\t\t<\/div>\n\t\t\t\t\t<\/div>\n\t\t<\/section>\n\t\t\t\t\t<\/div>\n\t\t<\/div>\n\t\t\t\t<div class=\"elementor-column elementor-col-33 elementor-top-column elementor-element elementor-element-398f115\" data-id=\"398f115\" data-element_type=\"column\">\n\t\t\t<div class=\"elementor-widget-wrap elementor-element-populated\">\n\t\t\t\t\t\t<section class=\"elementor-section elementor-inner-section elementor-element elementor-element-d5db6c2 elementor-section-boxed elementor-section-height-default elementor-section-height-default\" data-id=\"d5db6c2\" data-element_type=\"section\">\n\t\t\t\t\t\t<div class=\"elementor-container elementor-column-gap-default\">\n\t\t\t\t\t<div class=\"elementor-column elementor-col-100 elementor-inner-column elementor-element elementor-element-3479f7b elementor-invisible\" data-id=\"3479f7b\" data-element_type=\"column\" data-settings=\"{&quot;animation&quot;:&quot;fadeInUp&quot;,&quot;animation_delay&quot;:100}\">\n\t\t\t<div class=\"elementor-widget-wrap elementor-element-populated\">\n\t\t\t\t\t\t<div class=\"elementor-element elementor-element-7870513 elementor-widget elementor-widget-image\" data-id=\"7870513\" data-element_type=\"widget\" data-widget_type=\"image.default\">\n\t\t\t\t<div class=\"elementor-widget-container\">\n\t\t\t\t\t\t\t\t\t\t\t\t\t\t\t\t<a href=\"https:\/\/wp.envatoextensions.com\/collection-20\/preview\/doctor-details\/\">\n\t\t\t\t\t\t\t<img fetchpriority=\"high\" decoding=\"async\" width=\"800\" height=\"534\" src=\"https:\/\/hosanroque.gov.co\/v2\/wp-content\/uploads\/2021\/05\/placeholder-1024x683.png\" class=\"attachment-large size-large wp-image-168\" alt=\"\" srcset=\"https:\/\/hosanroque.gov.co\/v2\/wp-content\/uploads\/2021\/05\/placeholder-1024x683.png 1024w, https:\/\/hosanroque.gov.co\/v2\/wp-content\/uploads\/2021\/05\/placeholder-300x200.png 300w, https:\/\/hosanroque.gov.co\/v2\/wp-content\/uploads\/2021\/05\/placeholder-768x512.png 768w, https:\/\/hosanroque.gov.co\/v2\/wp-content\/uploads\/2021\/05\/placeholder.png 1200w\" sizes=\"(max-width: 800px) 100vw, 800px\" \/>\t\t\t\t\t\t\t\t<\/a>\n\t\t\t\t\t\t\t\t\t\t\t\t\t\t\t<\/div>\n\t\t\t\t<\/div>\n\t\t\t\t<div class=\"elementor-element elementor-element-6752ea5 elementor-widget elementor-widget-heading\" data-id=\"6752ea5\" data-element_type=\"widget\" data-widget_type=\"heading.default\">\n\t\t\t\t<div class=\"elementor-widget-container\">\n\t\t\t\t\t<h2 class=\"elementor-heading-title elementor-size-default\"><a href=\"https:\/\/wp.envatoextensions.com\/collection-20\/preview\/doctor-details\/\">Andrea Romero<br><span style=\"font-size:12px;text-transform:uppercase\">Rep. Empleados HSR (Administrativo)<\/span><\/a><\/h2>\t\t\t\t<\/div>\n\t\t\t\t<\/div>\n\t\t\t\t\t<\/div>\n\t\t<\/div>\n\t\t\t\t\t<\/div>\n\t\t<\/section>\n\t\t\t\t\t<\/div>\n\t\t<\/div>\n\t\t\t\t<div class=\"elementor-column elementor-col-33 elementor-top-column elementor-element elementor-element-226ec27\" data-id=\"226ec27\" data-element_type=\"column\">\n\t\t\t<div class=\"elementor-widget-wrap elementor-element-populated\">\n\t\t\t\t\t\t<section class=\"elementor-section elementor-inner-section elementor-element elementor-element-459fa00 elementor-section-boxed elementor-section-height-default elementor-section-height-default\" data-id=\"459fa00\" data-element_type=\"section\">\n\t\t\t\t\t\t<div class=\"elementor-container elementor-column-gap-default\">\n\t\t\t\t\t<div class=\"elementor-column elementor-col-100 elementor-inner-column elementor-element elementor-element-fa875d3 elementor-invisible\" data-id=\"fa875d3\" data-element_type=\"column\" data-settings=\"{&quot;animation&quot;:&quot;fadeInUp&quot;,&quot;animation_delay&quot;:200}\">\n\t\t\t<div class=\"elementor-widget-wrap elementor-element-populated\">\n\t\t\t\t\t\t<div class=\"elementor-element elementor-element-0ae5cd6 elementor-widget elementor-widget-image\" data-id=\"0ae5cd6\" data-element_type=\"widget\" data-widget_type=\"image.default\">\n\t\t\t\t<div class=\"elementor-widget-container\">\n\t\t\t\t\t\t\t\t\t\t\t\t\t\t\t\t<a href=\"https:\/\/wp.envatoextensions.com\/collection-20\/preview\/doctor-details\/\">\n\t\t\t\t\t\t\t<img fetchpriority=\"high\" decoding=\"async\" width=\"800\" height=\"534\" src=\"https:\/\/hosanroque.gov.co\/v2\/wp-content\/uploads\/2021\/05\/placeholder-1024x683.png\" class=\"attachment-large size-large wp-image-168\" alt=\"\" srcset=\"https:\/\/hosanroque.gov.co\/v2\/wp-content\/uploads\/2021\/05\/placeholder-1024x683.png 1024w, https:\/\/hosanroque.gov.co\/v2\/wp-content\/uploads\/2021\/05\/placeholder-300x200.png 300w, https:\/\/hosanroque.gov.co\/v2\/wp-content\/uploads\/2021\/05\/placeholder-768x512.png 768w, https:\/\/hosanroque.gov.co\/v2\/wp-content\/uploads\/2021\/05\/placeholder.png 1200w\" sizes=\"(max-width: 800px) 100vw, 800px\" \/>\t\t\t\t\t\t\t\t<\/a>\n\t\t\t\t\t\t\t\t\t\t\t\t\t\t\t<\/div>\n\t\t\t\t<\/div>\n\t\t\t\t<div class=\"elementor-element elementor-element-e9eeea3 elementor-widget elementor-widget-heading\" data-id=\"e9eeea3\" data-element_type=\"widget\" data-widget_type=\"heading.default\">\n\t\t\t\t<div class=\"elementor-widget-container\">\n\t\t\t\t\t<h2 class=\"elementor-heading-title elementor-size-default\"><a href=\"https:\/\/wp.envatoextensions.com\/collection-20\/preview\/doctor-details\/\">Hector Vargas Rodriguez<br><span style=\"font-size:12px;text-transform:uppercase\">Secretario T\u00e9cnico de la Junta<\/span><\/a><\/h2>\t\t\t\t<\/div>\n\t\t\t\t<\/div>\n\t\t\t\t\t<\/div>\n\t\t<\/div>\n\t\t\t\t\t<\/div>\n\t\t<\/section>\n\t\t\t\t\t<\/div>\n\t\t<\/div>\n\t\t\t\t\t<\/div>\n\t\t<\/section>\n\t\t\t\t<\/div>\n\t\t","protected":false},"excerpt":{"rendered":"<p>Nuestra Junta Directiva Assad Raish GamezPresidente junta directiva Linda Sierra RangelSecretario de salud municipal Clelia OlivaresPresidente de asociaci\u00f3n de usuarios Fabi\u00e1n Eljaiek Fern\u00e1ndezRepresentante Empleados HSR (Salud) Andrea RomeroRep. Empleados HSR (Administrativo) Hector Vargas RodriguezSecretario T\u00e9cnico de la Junta<\/p>\n","protected":false},"author":1,"featured_media":0,"parent":0,"menu_order":0,"comment_status":"closed","ping_status":"closed","template":"","meta":{"footnotes":""},"class_list":["post-187","page","type-page","status-publish","hentry"],"_links":{"self":[{"href":"https:\/\/hosanroque.gov.co\/v2\/wp-json\/wp\/v2\/pages\/187","targetHints":{"allow":["GET"]}}],"collection":[{"href":"https:\/\/hosanroque.gov.co\/v2\/wp-json\/wp\/v2\/pages"}],"about":[{"href":"https:\/\/hosanroque.gov.co\/v2\/wp-json\/wp\/v2\/types\/page"}],"author":[{"embeddable":true,"href":"https:\/\/hosanroque.gov.co\/v2\/wp-json\/wp\/v2\/users\/1"}],"replies":[{"embeddable":true,"href":"https:\/\/hosanroque.gov.co\/v2\/wp-json\/wp\/v2\/comments?post=187"}],"version-history":[{"count":22,"href":"https:\/\/hosanroque.gov.co\/v2\/wp-json\/wp\/v2\/pages\/187\/revisions"}],"predecessor-version":[{"id":2041,"href":"https:\/\/hosanroque.gov.co\/v2\/wp-json\/wp\/v2\/pages\/187\/revisions\/2041"}],"wp:attachment":[{"href":"https:\/\/hosanroque.gov.co\/v2\/wp-json\/wp\/v2\/media?parent=187"}],"curies":[{"name":"wp","href":"https:\/\/api.w.org\/{rel}","templated":true}]}}